 -5*o. Let k = -410 - u. Calculate the greatest common divisor of k and 147.
21
Let g be (1876/4)/7*1/((-4)/(-148)). What is the greatest common factor of 148 and g?
37
Suppose 8*o - 240 = -0*o. Let m be 10/o - 190/3. Let t = -48 - m. What is the highest common factor of 10 and t?
5
Let k be 932/28 + (-2)/7. Suppose -49 = 3*v - 5*g + 192, 10 = 5*g. Let h = v - -99. Calculate the highest common divisor of h and k.
11
Suppose 0 = -2*k + 2*c + 392 + 768, -3*k - c = -1720. Let d be 1/3 - (-68)/3. Calculate the highest common factor of d and k.
23
Let c = -24429 - -24441. What is the highest common divisor of c and 1374?
6
Suppose -129*w = -185*w + 101808. What is the highest common factor of 3838 and w?
202
Suppose 2*w - 326 = -4*l, -5*l + 0*l = -4*w - 440. Suppose -163*t = -171*t - 2800. Let m = t + 362. What is the highest common factor of l and m?
12
Let h be 3/(2/2)*((-131032)/(-33) - -37). Calculate the greatest common divisor of h and 44.
11
Let h = -269 - -395. Let l = -4180 + 4495. What is the highest common divisor of l and h?
63
Let v(o) = 36*o + 4355. Let g be v(-99). What is the highest common divisor of 63 and g?
7
Suppose 6*w = -265 + 679. Let s(y) = -2*y**3 + 2*y**2 + 6*y + 7. Let k be s(-3). Suppose 3*t - k = 8. What is the highest common divisor of w and t?
23
Suppose -5*t - 74 = -b - 3*t, -314 = -4*b - t. Suppose 7*h + 5*s = 683, 2*h - 5*s - 271 + 18 = 0. What is the greatest common divisor of b and h?
26
Suppose 0 = -2*n + 4*n - 140. Let w = -1613 + 2103. What is the highest common divisor of n and w?
70
Suppose -96 = -q - 7. Let z = q - 57. Let a = z - -31. What is the highest common divisor of a and 14?
7
Suppose 3*v - 3772 = f, 43*v - 48*v = 8*f - 6248. What is the greatest common divisor of 785 and v?
157
Let g(a) = 56*a - 1224. Let f be g(22). What is the greatest common divisor of f and 28?
4
Suppose -4*u + 2*u = 2. Let n be (u + 2)*(34 + 9/9). Calculate the greatest common divisor of 63 and n.
7
Suppose -3*p = -4*u - 6*p + 4189, -5216 = -5*u + 3*p. What is the greatest common factor of u and 3971?
209
Suppose 2*s = 20*s - 2754. What is the highest common divisor of s and 136?
17
Let h(a) = 2018*a - 11967. Let d be h(6). What is the greatest common divisor of 2726 and d?
47
Let c = 2795 + -2723. What is the greatest common factor of 477 and c?
9
Suppose -5*y + s + 758 = 0, 8*y + 2*s - 612 = 4*y. What is the highest common divisor of 25840 and y?
152
Suppose 5*x + 4*c - 56 - 51 = 0, -c - 48 = -2*x. What is the highest common factor of x and 4117?
23
Let k = 223 + -120. Let j be (-8)/6*(-3381)/(-46). Let f = j + k. What is the greatest common factor of f and 40?
5
Let l(z) = -z**3 + 17*z**2 + 7*z + 21. Let h be l(7). Suppose 4*x = -4*t + 5*t - 32, -2*t + 46 = -2*x. Calculate the highest common divisor of h and t.
20
Suppose 0 = -y - 3135 + 3142. What is the highest common divisor of 63 and y?
7
Let x = -55 + 96. Let k = x - 67. Let p = 62 + k. Calculate the highest common factor of p and 144.
36
Suppose 4*b = -5*s + 90, -b - 4*s + 22 + 6 = 0. Suppose -r + 97 - b = 0. Let t be (18/12 + 65/(-6))/((-164)/246). What is the highest common factor of r and t?
7
Let x(l) = 22*l + 87. Let n(k) = -44*k - 171. Let z(h) = -3*n(h) - 7*x(h). Let j be z(-8). What is the highest common factor of j and 280?
40
Let l = -6563 - -6747. What is the highest common divisor of l and 2116?
92
Let w be (-22 + 23)/((-1)/(-60)). Suppose 16*v - v - w = 0. Calculate the highest common divisor of 4 and v.
4
Let l(p) = -11*p**3 + 9*p**2 + 45*p - 125. Let q be l(-10). Calculate the greatest common factor of 75 and q.
75
Let r be (-4)/8 - 2*6/(-8). Let i(a) = -a + 1. Let l be i(r). Suppose 4*v - 12 = 4*m, v + 3*m + 2*m - 21 = l. What is the greatest common factor of 4 and v?
2
Let a = -20482 - -20632. What is the highest common factor of a and 2025?
75
Suppose -2*k + 97 - 31 = -2*b, 93 = -3*b + k. Let i = b + 79. Suppose -3*g + 17 = -4. What is the highest common factor of i and g?
7
Let u be ((-4)/3)/(5/(-285)). Let w = u + -48. Let n be -56*(-30)/(-48)*-2. What is the highest common factor of n and w?
14
Let a be (-10539)/135*-9 + (-12)/(-30). What is the greatest common factor of a and 76?
19
Let n be (-93555)/(-90)*((-7)/(-1) + -3). What is the greatest common divisor of 77 and n?
77
Let i = -880 + 892. Let u = -14 - -18. Suppose 0 = -6*l + 4*l, -u*o + 12 = -3*l. Calculate the highest common factor of i and o.
3
Let v = 19737 - 19401. What is the highest common factor of v and 238?
14
Let s be (-7056)/(-120) + 1/5. Suppose 54*o - s*o = -g - 343, 2*o - 144 = -3*g. What is the highest common divisor of o and 897?
69
Let d be (-33)/(-4)*700/3. Suppose -17*z - d = -28*z. Calculate the highest common factor of z and 25.
25
Suppose -346*p + 341*p = 5*i - 1890, -1494 = -4*i + 2*p. Calculate the greatest common factor of i and 42375.
375
Suppose -4*o + 5104 - 836 = 0. Let b be (-4)/(-18) - o/(-99). Suppose 3*s = -5*a + 43, 26*a + s + 26 = 28*a. Calculate the highest common factor of b and a.
11
Suppose 112 - 1028 = -3*i + 4*n, 3*i + n = 896. What is the greatest common factor of 48 and i?
12
Let f = -2019 + 3445. Let w = 2892 + -2830. What is the greatest common divisor of f and w?
62
Suppose i - 3*v + 2 + 82 = 0, -v = 5*i + 404. Let w = 86 + i. Suppose 0 = -w*k, -4*k - 96 = -4*x + 2*x. What is the greatest common factor of 16 and x?
16
Let j(l) = -l - 28 - 13*l**2 + 10 - 14*l - l**3 + 3*l**2. Let d be j(-9). Calculate the highest common divisor of 648 and d.
36
Let g be (3*2/6)/((-4)/(-120)). Let z be 35 - g - 1/((-1)/25). What is the highest common divisor of z and 42?
6
Let r(l) = l**3 - 10*l**2 + 18*l - 12. Suppose 0 = d - 8 - 0. Let c be r(d). Suppose -3*m + 13 = 10. What is the greatest common divisor of m and c?
1
Let u(f) = -6*f**3 + 14*f**2 + 28*f - 8. Let h be u(3). Calculate the highest common divisor of 23 and h.
1
Suppose 2284 = 2*t - 144. Suppose 382 = -26*f + t. What is the greatest common divisor of f and 8?
8
Let x = 320 + -294. Let d be (-2756)/(-338) - 4/x. Calculate the highest common divisor of d and 36.
4
Suppose 4*t - 1195 = v, 4*t - 1201 = -2*v - 3*v. Suppose 0 = -5*w - 3*z + z + 130, 3*w - 78 = z. Calculate the highest common divisor of t and w.
13
Let f = -15790 + 15814. Calculate the highest common divisor of f and 246.
6
Let z = 269 - 108. Let w = 190 - z. Calculate the highest common factor of 377 and w.
29
Suppose 0 = 3*v - 8*v + 990. Suppose -30*a - 69 + 323 + 406 = 0. Calculate the highest common divisor of v and a.
22
Suppose -15*v - 3*c = -14*v - 11547, -5*v + 57735 = 4*c. Calculate the highest common divisor of v and 9.
9
Let d(p) = p**3 - 4*p**2 + 12*p + 224. Let w be d(0). Let v = 34 - 20. What is the highest common factor of w and v?
14
Let c = -5317 - -5336. What is the greatest common divisor of c and 4693?
19
Suppose 5*g - 1446 = 984. Let i = g + -417. What is the greatest common divisor of i and 621?
69
Let z be 1269/564*10176/9. Calculate the greatest common factor of z and 112.
16
Let k = 3149 + -3002. Calculate the highest common divisor of k and 42.
21
Let d be (18/15)/(-3 - (-99)/30). Suppose -d*v = v - 10. Suppose v*f - 60 = -4*f. What is the highest common divisor of 6 and f?
2
Let q(w) = -650*w - 489. Let x be q(-27). Calculate the greatest common factor of x and 33.
33
Let n = 693 - 678. Suppose -4*j - 2*u = -58, -4*u + 18 = 3*j - 2*j. Let k = n - j. What is the highest common divisor of k and 2?
1
Let c = 1944 - 1915. What is the greatest common divisor of c and 2349?
29
Let w(y) = 79*y - 129. Let f be w(7). Let l = -414 + f. What is the greatest common divisor of l and 310?
10
Suppose -p - 454 = -3*p. Let u = 228 - p. Suppose -4*j = 5*a - 10, -4*a - 5*j + 10 = a. Calculate the highest common factor of a and u.
1
Let d = 20725 + -13822. Calculate the highest common factor of d and 65.
13
Suppose 0*x - 126 = -2*x - 2*r, 2*x - 3*r - 121 = 0. Suppose 4*q + 10 = x. Let p = q + 9. Calculate the highest common factor of p and 88.
22
Let p(d) = -d**3 + 53*d**2 - 5*d + 758. Let t be p(53). What is the highest common divisor of t and 187?
17
Let w = 1035 - 57. Suppose 3*a - 613 = g, -4*g = 4*a + 166 - w. What is the greatest common divisor of a and 68?
68
Suppose -2*z + 3*c = -51, 2*c + c = 15. Suppose -q = 2*o - 7